he prime factors of 6323611?
7, 223, 4051
List the prime factors of 4087080.
2, 3, 5, 11353
List the prime factors of 309229.
191, 1619
What are the prime factors of 5077408?
2, 7, 19, 1193
List the prime factors of 1289884.
2, 67, 4813
List the prime factors of 2377462.
2, 1188731
List the prime factors of 15210024.
2, 3, 633751
List the prime factors of 19050379.
19050379
List the prime factors of 34039305.
3, 5, 252143
List the prime factors of 29623226.
2, 2957, 5009
What are the prime factors of 625426?
2, 179, 1747
List the prime factors of 28241780.
2, 5, 7, 61, 3307
What are the prime factors of 10275096?
2, 3, 13, 32933
What are the prime factors of 12866835?
3, 5, 457, 1877
List the prime factors of 493815.
3, 5, 7, 4703
List the prime factors of 1061945.
5, 163, 1303
List the prime factors of 384673.
384673
List the prime factors of 52498.
2, 26249
List the prime factors of 56099.
56099
What are the prime factors of 3431323?
7, 239, 293
What are the prime factors of 9575920?
2, 5, 119699
List the prime factors of 350768.
2, 11, 1993
What are the prime factors of 2122528?
2, 19, 3491
What are the prime factors of 2559417?
3, 7, 23, 757
What are the prime factors of 206448?
2, 3, 11, 17, 23
What are the prime factors of 20634425?
5, 7, 117911
List the prime factors of 4742997.
3, 7, 67, 3371
List the prime factors of 717315.
3, 5, 17, 29, 97
What are the prime factors of 23813948?
2, 41, 145207
List the prime factors of 16490070.
2, 3, 5, 43, 4261
List the prime factors of 39637.
13, 3049
What are the prime factors of 593338?
2, 296669
List the prime factors of 599374.
2, 19, 15773
What are the prime factors of 475708?
2, 118927
List the prime factors of 253400.
2, 5, 7, 181
List the prime factors of 8330373.
3, 925597
What are the prime factors of 195213?
3, 65071
List the prime factors of 13154988.
2, 3, 7, 11, 23, 619
What are the prime factors of 22568571?
3, 17, 49169
What are the prime factors of 1749383?
1749383
List the prime factors of 1130780.
2, 5, 7, 41, 197
List the prime factors of 399603.
3, 133201
List the prime factors of 4523969.
4523969
List the prime factors of 549788.
2, 137447
List the prime factors of 151024.
2, 9439
What are the prime factors of 13885?
5, 2777
What are the prime factors of 2048934?
2, 3, 41, 8329
List the prime factors of 9452034.
2, 3, 17, 23, 79
List the prime factors of 4097844.
2, 3, 19, 1997
List the prime factors of 503447.
7, 23, 53, 59
List the prime factors of 34648634.
2, 307, 56431
List the prime factors of 336352.
2, 23, 457
List the prime factors of 11020411.
11020411
What are the prime factors of 418671?
3, 11, 4229
What are the prime factors of 28054625?
5, 103, 2179
List the prime factors of 2453241.
3, 7, 197, 593
What are the prime factors of 3738867?
3, 11, 137, 827
What are the prime factors of 3422732?
2, 855683
What are the prime factors of 4002976?
2, 125093
What are the prime factors of 126812?
2, 7, 647
What are the prime factors of 379190?
2, 5, 7, 5417
List the prime factors of 14004941.
29, 331, 1459
List the prime factors of 664960.
2, 5, 1039
What are the prime factors of 4322399?
59, 61, 1201
List the prime factors of 605352.
2, 3, 11, 2293
What are the prime factors of 3539704?
2, 7, 31, 2039
List the prime factors of 5520434.
2, 157, 17581
What are the prime factors of 1163958?
2, 3, 193993
List the prime factors of 29418198.
2, 3, 467, 10499
What are the prime factors of 3104499?
3, 1034833
What are the prime factors of 3449899?
773, 4463
What are the prime factors of 60832?
2, 1901
What are the prime factors of 325413?
3, 11, 19, 173
What are the prime factors of 2218166?
2, 23, 48221
List the prime factors of 3155045.
5, 19, 33211
What are the prime factors of 136297?
7, 19471
What are the prime factors of 805675?
5, 13, 37, 67
What are the prime factors of 171038?
2, 7, 19, 643
List the prime factors of 85919.
151, 569
What are the prime factors of 33809349?
3, 7, 1609969
What are the prime factors of 539119?
7, 77017
List the prime factors of 620068.
2, 155017
List the prime factors of 792244.
2, 37, 53, 101
What are the prime factors of 13976248?
2, 11, 13, 19, 643
List the prime factors of 863891.
7, 167, 739
List the prime factors of 1152136.
2, 79, 1823
What are the prime factors of 338957?
37, 9161
List the prime factors of 8519766.
2, 3, 1419961
List the prime factors of 203336.
2, 7, 3631
What are the prime factors of 32078?
2, 43, 373
What are the prime factors of 9044?
2, 7, 17, 19
List the prime factors of 833324.
2, 181, 1151
What are the prime factors of 1520907?
3, 397, 1277
What are the prime factors of 817177?
293, 2789
List the prime factors of 199974.
2, 3, 33329
What are the prime factors of 1133243?
829, 1367
List the prime factors of 7197129.
3, 37, 21613
What are the prime factors of 492291?
3, 18233
List the prime factors of 686820.
2, 3, 5, 11447
What are the prime factors of 594205?
5, 23, 5167
What are the prime factors of 1825050?
2, 3, 5, 23
What are the prime factors of 5674879?
7, 810697
What are the prime factors of 342629?
7, 48947
List the prime factors of 209906.
2, 104953
List the prime factors of 424380.
2, 3, 5, 11, 643
List the prime factors of 31468.
2, 7867
List the prime factors of 124229.
7, 17747
What are the prime factors of 1595944?
2, 7, 28499
List the prime factors of 2932448.
2, 91639
List the prime factors of 938356.
2, 234589
List the prime factors of 833209.
13, 107, 599
What are the prime factors of 195534?
2, 3, 17, 71
List the prime factors of 1134528.
2, 3, 19, 311
List the prime factors of 2064122.
2, 19, 54319
What are the prime factors of 9350874?
2, 3, 13, 89, 449
List the prime factors of 146364.
2, 3, 12197
What are the prime factors of 9705766?
2, 7, 37, 41, 457
What are the prime factors of 5435670?
2, 3, 5, 37, 59, 83
List the prime factors of 233029.
199, 1171
What are the prime factors of 15918376?
2, 31, 64187
List the prime factors of 1134312.
2, 3, 151, 313
What are the prime factors of 733490?
2, 5, 41, 1789
List the prime factors of 2093526.
2, 3, 12923
What are the prime factors of 3567929?
233, 15313
What are the prime factors of 797723?
31, 25733
What are the prime factors of 1840668?
2, 3, 157, 977
What are the prime factors of 5198555?
5, 367, 2833
List the prime factors of 4650445.
5, 930089
What are the prime factors of 208174?
2, 104087
List the prime factors of 328240.
2, 5, 11, 373
List the prime factors of 2069.
2069
List the prime factors of 678262.
2, 13, 19, 1373
List the prime factors of 1365637.
7, 13, 43, 349
What are the prime factors of 2182739?
13, 19, 8837
What are the prime factors of 1813986?
2, 3, 179, 563
List the prime factors of 4721726.
2, 103, 22921
List the prime factors of 848166.
2, 3, 11, 71, 181
List the prime factors of 1170185.
5, 227, 1031
What are the prime factors of 534458?
2, 267229
What are the prime factors of 2012854?
2, 41, 24547
List the prime factors of 468453.
3, 156151
What are the prime factors of 7941082?
2, 521, 7621
List the prime factors of 194156.
2, 48539
List the prime factors of 252288.
2, 3, 73
List the prime factors of 189899.
53, 3583
List the prime factors of 6238776.
2, 3, 259949
List the prime factors of 4325725.
5, 23, 7523
List the prime factors of 10730787.
3, 67, 197, 271
What are the prime factors of 1376940?
2, 3, 5, 53, 433
List the prime factors of 3779818.
2, 7, 269987
List the prime factors of 6238101.
3, 877, 2371
List the prime factors of 657654.
2, 3, 109609
List the prime factors of 1577098.
2, 788549
List the prime factors of 16801089.
3, 43, 130241
What are the prime factors of 680731?
17, 23, 1741
List the prime factors of 1963276.
2, 7, 70117
What are the prime factors of 303452?
2, 107, 709
What are the prime factors of 554594?
2, 277297
What are the prime factors of 13134543?
3, 4378181
What are the prime factors of 7537171?
17, 443363
What are the prime factors of 118320?
2, 3, 5, 17, 29
What are the prime factors of 1314810?
2, 3, 5, 7, 2087
List the prime factors of 1127184.
2, 3, 23, 1021
What are the prime factors of 521643?
3, 41, 4241
What are the prime factors of 9247837?
41, 59, 3823
List the prime factors of 23374934.
2, 11, 1062497
List the prime factors of 439709.
439709
What are the prime